5432?
3
What is the hundred thousands digit of 1664097?
6
What is the thousands digit of 30602038?
2
What is the millions digit of 1227025?
1
What is the ten thousands digit of 497472?
9
What is the ten thousands digit of 3220000?
2
What is the hundred thousands digit of 14779195?
7
What is the ten millions digit of 10438236?
1
What is the ten thousands digit of 2207906?
0
What is the thousands digit of 1414283?
4
What is the millions digit of 1825503?
1
What is the tens digit of 389493?
9
What is the hundreds digit of 31202?
2
What is the units digit of 20513880?
0
What is the thousands digit of 84409?
4
What is the hundred thousands digit of 166688?
1
What is the ten thousands digit of 402598?
0
What is the hundreds digit of 161722?
7
What is the thousands digit of 8536258?
6
What is the thousands digit of 4342611?
2
What is the thousands digit of 1879884?
9
What is the units digit of 838870?
0
What is the thousands digit of 388154?
8
What is the units digit of 5547588?
8
What is the units digit of 492693?
3
What is the ten millions digit of 29458592?
2
What is the units digit of 5065247?
7
What is the ten thousands digit of 403043?
0
What is the hundreds digit of 1006954?
9
What is the units digit of 414902?
2
What is the tens digit of 1060362?
6
What is the hundreds digit of 831404?
4
What is the ten thousands digit of 750334?
5
What is the ten thousands digit of 62062?
6
What is the hundreds digit of 2856527?
5
What is the millions digit of 7491049?
7
What is the hundreds digit of 208999?
9
What is the hundreds digit of 194667?
6
What is the thousands digit of 4748443?
8
What is the ten thousands digit of 115843?
1
What is the hundreds digit of 104359?
3
What is the hundreds digit of 4524075?
0
What is the hundreds digit of 2942497?
4
What is the hundred thousands digit of 275489?
2
What is the millions digit of 6094403?
6
What is the tens digit of 1061910?
1
What is the ten thousands digit of 987947?
8
What is the hundreds digit of 14183447?
4
What is the ten millions digit of 13973659?
1
What is the hundreds digit of 47689?
6
What is the ten thousands digit of 99718?
9
What is the tens digit of 140080?
8
What is the millions digit of 1871390?
1
What is the tens digit of 249505?
0
What is the tens digit of 13975718?
1
What is the ten thousands digit of 28265762?
6
What is the hundred thousands digit of 677301?
6
What is the hundreds digit of 2111290?
2
What is the ten millions digit of 31122158?
3
What is the ten thousands digit of 14130122?
3
What is the thousands digit of 526656?
6
What is the hundreds digit of 20594?
5
What is the units digit of 2008969?
9
What is the ten thousands digit of 16347910?
4
What is the thousands digit of 2380620?
0
What is the ten thousands digit of 315745?
1
What is the ten thousands digit of 759413?
5
What is the hundreds digit of 360364?
3
What is the millions digit of 11607522?
1
What is the units digit of 10314202?
2
What is the hundred thousands digit of 21885681?
8
What is the hundreds digit of 1260953?
9
What is the ten thousands digit of 647923?
4
What is the ten thousands digit of 521333?
2
What is the hundreds digit of 316891?
8
What is the ten thousands digit of 3083748?
8
What is the hundred thousands digit of 9293505?
2
What is the ten thousands digit of 18545?
1
What is the hundreds digit of 1814139?
1
What is the units digit of 1971064?
4
What is the tens digit of 5384366?
6
What is the thousands digit of 3164155?
4
What is the units digit of 27750?
0
What is the units digit of 4422672?
2
What is the thousands digit of 726666?
6
What is the thousands digit of 1499778?
9
What is the tens digit of 343478?
7
What is the thousands digit of 450258?
0
What is the thousands digit of 76770?
6
What is the thousands digit of 576459?
6
What is the millions digit of 5675085?
5
What is the thousands digit of 10953680?
3
What is the units digit of 950212?
2
What is the units digit of 36836?
6
What is the thousands digit of 1577195?
7
What is the tens digit of 9985453?
5
What is the hundred thousands digit of 469505?
4
What is the units digit of 191557?
7
What is the thousands digit of 704807?
4
What is the units digit of 173256?
6
What is the units digit of 1342575?
5
What is the hundred thousands digit of 3203023?
2
What is the units digit of 378787?
7
What is the hundred thousands digit of 477900?
4
What is the tens digit of 912723?
2
What is the tens digit of 113030?
3
What is the units digit of 720858?
8
What is the thousands digit of 975565?
5
What is the units digit of 390674?
4
What is the units digit of 272679?
9
What is the hundred thousands digit of 645513?
6
What is the thousands digit of 72463?
2
What is the ten thousands digit of 177690?
7
What is the hundreds digit of 2615992?
9
What is the tens digit of 62195?
9
What is the millions digit of 1537825?
1
What is the thousands digit of 5060023?
0
What is the units digit of 270888?
8
What is the thousands digit of 826166?
6
What is the ten thousands digit of 12014030?
1
What is the hundreds digit of 135941?
9
What is the units digit of 22797007?
7
What is the units digit of 350562?
2
What is the millions digit of 12994961?
2
What is the hundreds digit of 8179346?
3
What is the tens digit of 834100?
0
What is the thousands digit of 3761171?
1
What is the hundred thousands digit of 498024?
4
What is the hundreds digit of 865957?
9
What is the tens digit of 210760?
6
What is the units digit of 396315?
5
What is the thousands digit of 430142?
0
What is the hundreds digit of 527498?
4
What is the thousands digit of 194136?
4
What is the hundred thousands digit of 3975716?
9
What is the units digit of 412970?
0
What is the thousands digit of 91009?
1
What is the ten thousands digit of 4761757?
6
What is the units digit of 627967?
7
What is the hundreds digit of 223156?
1
What is the hundreds digit of 35711530?
5
What is the units digit of 1284530?
0
What is the units digit of 220318?
8
What is the hundred thousands digit of 986353?
9
What is the thousands digit of 12683741?
3
What is the ten thousands digit of 293122?
9
What is the hundreds digit of 1703557?
5
What is the hundred thousands digit of 2401871?
4
What is the ten thousands digit of 1185410?
8
What is the hundred thousands digit of 195403?
1
What is the millions digit of 2565698?
2
What is the hundred thousands digit of 9224550?
2
What is the thousands digit of 77694?
7
What is the hundreds digit of 155014?
0
What is the ten thousands digit of 345614?
4
What is the units digit of 4779186?
6
What is the hundreds digit of 403124?
1
What is the ten millions digit of 19354528?
1
What is the tens digit of 3146287?
8
What is the thousands digit of 203963?
3
What is the thousands digit of 27131217?
1
What is the thousands digit of 16191?
6
What is the hundreds digit of 561862?
8
What is the tens digit of 1276530?
3
What is the units digit of 158361?
1
What is the hundreds digit of 226547?
5
What is the units digit of 191275?
5
What is the hundred thousands digit of 20537404?
5
What is the ten thousands digit of 1090228?
9
What is the units digit of 239521?
1
What is the thousands digit of 22906171?
6
What is the hundreds digit of 1570172?
1
What is the ten thousands digit of 68106?
6
What is the thousands digit of 238373?
8
What is the millions digit of 1349566?
1
What is the units digit of 41496?
6
What is the tens digit of 94792?
9
What is the tens digit of 701166?
6
What is the hundred thousands digit of 5946576?
9
What is the ten thousands digit of 155996?
5
What is the tens digit of 885555?
5
What is the ten millions digit of 31917265?
3
What is the ten thousands digit of 1137374?
3
What is the thousands digit of 4301160?
1
What is the tens digit of 3659618?
1
What is the tens digit of 5304984?
8
What is the hundred thousands digit of 2380910?
3
What is the thousands digit of 945445?
5
What is the ten thousands digit of 2511135?
1
What is the units digit of 574470?
0
What is the ten thousands digit of 1265266?
6
What is the ten thousands digit of 17612?
1
What is the hundred thousands digit of 2223326?
2
What is the hundred thousands digit of 1767766?
7
What is the hundred thousands digit of 6428980?
4
What is the hundreds digit of 574586?
5
What is the hundreds digit of 117654?
6
What